{"id":1401,"date":"2024-09-15T21:05:48","date_gmt":"2024-09-15T21:05:48","guid":{"rendered":"https:\/\/santosapostoles.es\/?page_id=1401"},"modified":"2025-09-16T14:30:06","modified_gmt":"2025-09-16T14:30:06","slug":"comuniones-2025","status":"publish","type":"page","link":"https:\/\/santosapostoles.es\/?page_id=1401","title":{"rendered":"COMUNIONES 2026"},"content":{"rendered":"\n<p>Por ser un curso muy importante para estos ni\u00f1os, recordamos algunas condiciones de obligado cumplimiento, a los que ya los padres os hab\u00e9is  comprometido al firmar la solicitud de la catequesis el primer a\u00f1o.<\/p>\n\n\n\n<ol class=\"wp-block-list\">\n<li>Es una cuesti\u00f3n necesaria el entrar con puntualidad. Procurad llegar unos minutos antes.<\/li>\n<\/ol>\n\n\n\n<ol start=\"2\" class=\"wp-block-list\">\n<li>La participaci\u00f3n incluye: la hora semanal de catequesis, la Eucarist\u00eda de los domingos y las actividades extraordinarias de la catequesis y la parroquia.<\/li>\n\n\n\n<li>No es opcional la participaci\u00f3n cada domingo en la misa ya que los ni\u00f1os van a recibir la Primera Comuni\u00f3n: \u00a1en la Eucarist\u00eda dominical! Los domingos celebramos la <strong>Eucarist\u00eda de las familias a las 11,30 de la ma\u00f1ana <\/strong>(no todos).<\/li>\n\n\n\n<li>Si un ni\u00f1o\/a falta reiteradamente de forma injustificada a la catequesis o a la misa, tendr\u00e1 que alargar el periodo de catequesis no pudiendo recibir el sacramento en ese curso.<\/li>\n<\/ol>\n\n\n\n<p>&nbsp;&nbsp;&nbsp;&nbsp;&nbsp;&nbsp;&nbsp;&nbsp;&nbsp;&nbsp;&nbsp; Por todo ello,<\/p>\n\n\n\n<p>1.- <strong>No puede coincidir el horario de la catequesis con otra actividad extraescolar<\/strong>. Si fuera el caso, debe optar una u otra. Si prefiere la actividad extraescolar, debe buscar otra parroquia para realizar este tercer curso de catequesis (le dar\u00edamos un certificado de haber participado los dos primeros a\u00f1os).<\/p>\n\n\n\n<p>2.- <strong>La eucarist\u00eda o misa dominical es obligada<\/strong>. Y este \u00faltimo a\u00f1o de preparaci\u00f3n, m\u00e1s de 3 faltas sin justificaci\u00f3n grave ser\u00e1n suficientes para posponer la 1\u00ba comuni\u00f3n. A principio de curso de 3\u00ba entregamos cada a\u00f1o a los ni\u00f1os la \u201ccartilla de misas\u201d. En ella podr\u00e9is ver el calendario de las misas del curso (algunos domingos no tendremos misa de familias por puentes o festivos civiles).<\/p>\n\n\n\n<p>3.- Las<strong> primeras comuniones<\/strong> se celebrar\u00e1n con dos opciones a elegir:<\/p>\n\n\n\n<p>&nbsp;&nbsp;&nbsp;&nbsp;&nbsp;&nbsp;&nbsp;&nbsp;&nbsp;1.- \u0081 Comunitariamente el Domingo de la Ascensi\u00f3n, que el pr\u00f3ximo curso ser\u00e1 el d\u00eda <strong>17 de mayo de 2026, en dos sesiones de 11,30 h. y 13,00 h<\/strong>. &nbsp;<\/p>\n\n\n\n<p>&nbsp;&nbsp;&nbsp;&nbsp;&nbsp;&nbsp;&nbsp;&nbsp;2.&nbsp;&#8211; En familia a lo largo del verano en una misa de 1 de la tarde de cualquier domingo y fiestas de precepto desde mediados de junio a finales de agosto. Con estas condiciones:<\/p>\n\n\n\n<p class=\"has-small-font-size\">* La celebraci\u00f3n ser\u00e1 dentro de la misa habitual junto con la comunidad parroquial y se har\u00e1 de forma ordinaria, colocando al ni\u00f1o (o ni\u00f1os), que hace(n) la Primera Comuni\u00f3n, en lugar destacado, junto a su familia, y con alguna sencilla participaci\u00f3n de \u00e9l o ellos (procesi\u00f3n de entrada, peticiones y ofrenda final a la Virgen).<\/p>\n\n\n\n<p class=\"has-small-font-size\">*No se podr\u00e1 celebrar una primera comuni\u00f3n que coincidan m\u00e1s de tres ni\u00f1os, ya que hay que dejar espacio para la gente que habitualmente viene a misa de una. &nbsp;&nbsp;A comienzos del curso catequ\u00e9tico os convocaremos a una reuni\u00f3n para entregaros informaci\u00f3n pr\u00e1ctica sobre la 1\u00aa Comuni\u00f3n.<\/p>\n\n\n\n<p><\/p>\n","protected":false},"excerpt":{"rendered":"<p>Por ser un curso muy importante para estos ni\u00f1os, recordamos algunas condiciones de obligado cumplimiento, a los que ya los padres os hab\u00e9is comprometido al firmar la solicitud de la catequesis el primer a\u00f1o. &nbsp;&nbsp;&nbsp;&nbsp;&nbsp;&nbsp;&nbsp;&nbsp;&nbsp;&nbsp;&nbsp; Por todo ello, 1.- No puede coincidir el horario de la catequesis con otra actividad extraescolar. Si fuera el caso, &hellip; <a href=\"https:\/\/santosapostoles.es\/?page_id=1401\" class=\"more-link\">Seguir leyendo <span class=\"screen-reader-text\">COMUNIONES 2026<\/span> <span class=\"meta-nav\">&rarr;<\/span><\/a><\/p>\n","protected":false},"author":1,"featured_media":0,"parent":24,"menu_order":0,"comment_status":"closed","ping_status":"closed","template":"","meta":{"footnotes":""},"class_list":["post-1401","page","type-page","status-publish","hentry"],"_links":{"self":[{"href":"https:\/\/santosapostoles.es\/index.php?rest_route=\/wp\/v2\/pages\/1401","targetHints":{"allow":["GET"]}}],"collection":[{"href":"https:\/\/santosapostoles.es\/index.php?rest_route=\/wp\/v2\/pages"}],"about":[{"href":"https:\/\/santosapostoles.es\/index.php?rest_route=\/wp\/v2\/types\/page"}],"author":[{"embeddable":true,"href":"https:\/\/santosapostoles.es\/index.php?rest_route=\/wp\/v2\/users\/1"}],"replies":[{"embeddable":true,"href":"https:\/\/santosapostoles.es\/index.php?rest_route=%2Fwp%2Fv2%2Fcomments&post=1401"}],"version-history":[{"count":3,"href":"https:\/\/santosapostoles.es\/index.php?rest_route=\/wp\/v2\/pages\/1401\/revisions"}],"predecessor-version":[{"id":1503,"href":"https:\/\/santosapostoles.es\/index.php?rest_route=\/wp\/v2\/pages\/1401\/revisions\/1503"}],"up":[{"embeddable":true,"href":"https:\/\/santosapostoles.es\/index.php?rest_route=\/wp\/v2\/pages\/24"}],"wp:attachment":[{"href":"https:\/\/santosapostoles.es\/index.php?rest_route=%2Fwp%2Fv2%2Fmedia&parent=1401"}],"curies":[{"name":"wp","href":"https:\/\/api.w.org\/{rel}","templated":true}]}}