{"id":53,"date":"2014-09-23T14:47:01","date_gmt":"2014-09-23T14:47:01","guid":{"rendered":"http:\/\/santosapostoles.wordpress.com\/?page_id=53"},"modified":"2014-09-23T14:47:01","modified_gmt":"2014-09-23T14:47:01","slug":"vida-ascendente","status":"publish","type":"page","link":"https:\/\/santosapostoles.es\/?page_id=53","title":{"rendered":"Vida Ascendente"},"content":{"rendered":"<p style=\"text-align:justify;\">Este grupo est\u00e1 formado por personas mayores que reflexionan siguiendo un gui\u00f3n b\u00edblico, teol\u00f3gico o pastoral. Se re\u00fanen los martes a las 5 de la tarde.<\/p>\n<p style=\"text-align:justify;\"><strong>\u00bfQu\u00e9 es VIDA ASCENDENTE&#8230;? \u00a0<\/strong><\/p>\n<p style=\"text-align:justify;\">Es un Movimiento de Apostolado seglar de personas jubiladas y mayores, reconocido y aprobado por la Conferencia Episcopal espa\u00f1ola.<\/p>\n<p style=\"text-align:justify;\"><strong>\u00bfCu\u00e1l es el objetivo de VIDA ASCENDENTE&#8230;?<\/strong><\/p>\n<p style=\"text-align:justify;\">Llevar el mensaje evang\u00e9lico a los Mayores y Jubilados, para que aporten a\u00a0 a Sociedad y a la Iglesia su Fe, su Experiencia y su tiempo disponible.<\/p>\n<p style=\"text-align:justify;\"><strong>\u00bfC\u00f3mo se desarrolla este Movimiento&#8230;?<\/strong><\/p>\n<p style=\"text-align:justify;\">Re\u00fane a sus miembros (de cualquier medio social o cultural) \u00a0en peque\u00f1os grupos de trabajo y oraci\u00f3n.<\/p>\n<p style=\"text-align:justify;\">Crea un \u00e1mbito de amistad, para compartir sus preocupaciones y vivencias.<\/p>\n<p style=\"text-align:justify;\">Ofrece a sus miembros los medios para profundizar en su fe y acreditar su esperanza, logrando que todos sus miembros vivan esta etapa de su vida en plenitud humana y cristiana.<\/p>\n<p style=\"text-align:justify;\">Abre cauces para su integraci\u00f3n en la misi\u00f3n de la Iglesia, impulsando a sus miembros a una activa participaci\u00f3n en ella.<\/p>\n<p>Les estimula y orienta para que, como ciudadanos responsables participen en la animaci\u00f3n cristiana de la sociedad, adoptando un nuevo estilo de solidaridad con los dem\u00e1s.<\/p>\n<p><strong>Actualmente esta establecido en todas las di\u00f3cesis espa\u00f1olas<\/strong>, contando con cerca de 30.000 miembros repartidos en 1.800 grupos en parroquias: urbanas y rurales y en residencias.<\/p>\n<p>* Si te sientes solo y con necesidad de ser escuchado y compartir tus ilusiones y problemas\u00a0\u00a0 con otras personas\u00a0 reci\u00e9n jubiladas o mayores.<\/p>\n<p>* Si est\u00e1s necesitado de profundizar en tu fe y seguir creciendo espiritualmente.<\/p>\n<p>* Si quieres ser una persona activa y \u00fatil en la Iglesia y en la Sociedad.<\/p>\n<p style=\"text-align:center;\"><strong>PONTE EN CONTACTO CON NOSOTROS<a href=\"http:\/\/s564157414.mialojamiento.es\/wp-content\/uploads\/2015\/09\/24-vida-ascendente.jpg\"><img loading=\"lazy\" decoding=\"async\" class=\"wp-image-232 aligncenter\" src=\"http:\/\/s564157414.mialojamiento.es\/wp-content\/uploads\/2015\/09\/24-vida-ascendente.jpg?w=300\" alt=\"24-vida-ascendente\" width=\"610\" height=\"139\" \/><\/a><\/strong><\/p>\n","protected":false},"excerpt":{"rendered":"<p>Este grupo est\u00e1 formado por personas mayores que reflexionan siguiendo un gui\u00f3n b\u00edblico, teol\u00f3gico o pastoral. Se re\u00fanen los martes a las 5 de la tarde. \u00bfQu\u00e9 es VIDA ASCENDENTE&#8230;? \u00a0 Es un Movimiento de Apostolado seglar de personas jubiladas y mayores, reconocido y aprobado por la Conferencia Episcopal espa\u00f1ola. \u00bfCu\u00e1l es el objetivo de &hellip; <a href=\"https:\/\/santosapostoles.es\/?page_id=53\" class=\"more-link\">Seguir leyendo <span class=\"screen-reader-text\">Vida Ascendente<\/span> <span class=\"meta-nav\">&rarr;<\/span><\/a><\/p>\n","protected":false},"author":1,"featured_media":0,"parent":0,"menu_order":0,"comment_status":"open","ping_status":"closed","template":"","meta":{"footnotes":""},"class_list":["post-53","page","type-page","status-publish","hentry"],"_links":{"self":[{"href":"https:\/\/santosapostoles.es\/index.php?rest_route=\/wp\/v2\/pages\/53","targetHints":{"allow":["GET"]}}],"collection":[{"href":"https:\/\/santosapostoles.es\/index.php?rest_route=\/wp\/v2\/pages"}],"about":[{"href":"https:\/\/santosapostoles.es\/index.php?rest_route=\/wp\/v2\/types\/page"}],"author":[{"embeddable":true,"href":"https:\/\/santosapostoles.es\/index.php?rest_route=\/wp\/v2\/users\/1"}],"replies":[{"embeddable":true,"href":"https:\/\/santosapostoles.es\/index.php?rest_route=%2Fwp%2Fv2%2Fcomments&post=53"}],"version-history":[{"count":0,"href":"https:\/\/santosapostoles.es\/index.php?rest_route=\/wp\/v2\/pages\/53\/revisions"}],"wp:attachment":[{"href":"https:\/\/santosapostoles.es\/index.php?rest_route=%2Fwp%2Fv2%2Fmedia&parent=53"}],"curies":[{"name":"wp","href":"https:\/\/api.w.org\/{rel}","templated":true}]}}

<p style="text-align:justify;">Este grupo está formado por personas mayores que reflexionan siguiendo un guión bíblico, teológico o pastoral. Se reúnen los martes a las 5 de la tarde.</p>
<p style="text-align:justify;"><strong>¿Qué es VIDA ASCENDENTE&#8230;?  </strong></p>
<p style="text-align:justify;">Es un Movimiento de Apostolado seglar de personas jubiladas y mayores, reconocido y aprobado por la Conferencia Episcopal española.</p>
<p style="text-align:justify;"><strong>¿Cuál es el objetivo de VIDA ASCENDENTE&#8230;?</strong></p>
<p style="text-align:justify;">Llevar el mensaje evangélico a los Mayores y Jubilados, para que aporten a  a Sociedad y a la Iglesia su Fe, su Experiencia y su tiempo disponible.</p>
<p style="text-align:justify;"><strong>¿Cómo se desarrolla este Movimiento&#8230;?</strong></p>
<p style="text-align:justify;">Reúne a sus miembros (de cualquier medio social o cultural)  en pequeños grupos de trabajo y oración.</p>
<p style="text-align:justify;">Crea un ámbito de amistad, para compartir sus preocupaciones y vivencias.</p>
<p style="text-align:justify;">Ofrece a sus miembros los medios para profundizar en su fe y acreditar su esperanza, logrando que todos sus miembros vivan esta etapa de su vida en plenitud humana y cristiana.</p>
<p style="text-align:justify;">Abre cauces para su integración en la misión de la Iglesia, impulsando a sus miembros a una activa participación en ella.</p>
<p>Les estimula y orienta para que, como ciudadanos responsables participen en la animación cristiana de la sociedad, adoptando un nuevo estilo de solidaridad con los demás.</p>
<p><strong>Actualmente esta establecido en todas las diócesis españolas</strong>, contando con cerca de 30.000 miembros repartidos en 1.800 grupos en parroquias: urbanas y rurales y en residencias.</p>
<p>* Si te sientes solo y con necesidad de ser escuchado y compartir tus ilusiones y problemas   con otras personas  recién jubiladas o mayores.</p>
<p>* Si estás necesitado de profundizar en tu fe y seguir creciendo espiritualmente.</p>
<p>* Si quieres ser una persona activa y útil en la Iglesia y en la Sociedad.</p>
<p style="text-align:center;"><strong>PONTE EN CONTACTO CON NOSOTROS<a href="http://s564157414.mialojamiento.es/wp-content/uploads/2015/09/24-vida-ascendente.jpg"><img loading="lazy" decoding="async" class="wp-image-232 aligncenter" src="http://s564157414.mialojamiento.es/wp-content/uploads/2015/09/24-vida-ascendente.jpg?w=300" alt="24-vida-ascendente" width="610" height="139" /></a></strong></p>

<p>Este grupo está formado por personas mayores que reflexionan siguiendo un guión bíblico, teológico o pastoral. Se reúnen los martes a las 5 de la tarde. ¿Qué es VIDA ASCENDENTE&#8230;?   Es un Movimiento de Apostolado seglar de personas jubiladas y mayores, reconocido y aprobado por la Conferencia Episcopal española. ¿Cuál es el objetivo de &hellip; <a href="https://santosapostoles.es/?page_id=53" class="more-link">Seguir leyendo <span class="screen-reader-text">Vida Ascendente</span> <span class="meta-nav">&rarr;</span></a></p>
